9
Let v(z) be the second derivative of -z**5/60 + z**4/24 - 5*z**3/6 - 8*z. Let o(m) be the second derivative of v(m). Give o(-1).
3
Let v be (-1 - 0)*(-2 + 1). Suppose 5 + v = -3*o. Let i(x) = 6*x - 3. Let j(a) = -7*a + 4. Let k(b) = -5*i(b) - 4*j(b). What is k(o)?
3
Let r(l) = l**3 - 2*l**2 - 2*l + 3. Let d(w) = -w**3 + 5*w**2 + 2*w + 26. Let g be d(6). Calculate r(g).
-1
Let z(f) = -f**2 + f - 1. Let s(k) = 4*k**2 - 8*k + 6. Let l(y) = -s(y) - 5*z(y). Let n be (-42)/(-15) + (-4)/5. What is l(n)?
9
Suppose 0 = 5*d + 25, -4*k - d = d + 10. Let o be 18/4 + 1/(-2). Let a(l) = 0 + l - o + 0*l. Calculate a(k).
-4
Let r = -6 + 8. Let k(z) = r*z**2 + 3*z**3 + 3*z**3 - 2*z**3 + 2 - 3*z - 5*z**3. Calculate k(2).
-4
Let i(f) = f**3 - 4*f**2 - 2*f + 5. Suppose 5*o - 2 = -u - 5, 0 = -4*u - o + 7. Suppose -10 = -2*m - u. What is i(m)?
-3
Suppose -1 - 2 = p. Let n(l) be the second derivative of l**5/60 + l**4/6 - l**3/6 + 2*l. Let w(v) be the second derivative of n(v). Determine w(p).
-2
Suppose 0 = 4*x - 3*b + 3, 5*x - 3*b - 2 = -5*b. Let g(l) = l + 26. What is g(x)?
26
Let k(b) = 14*b**2 - 21*b - 4. Suppose 5*y = 72 + 13. Let z(d) = -5*d**2 + 7*d + 1. Let g(v) = y*z(v) + 6*k(v). Calculate g(-6).
-1
Let h(o) = o + 5. Let u = 5 - 11. Let p = -7 - u. Let l be (-2)/(2/5) + p. Give h(l).
-1
Let y(n) = 5*n**2 + 20*n - 11. Let h(o) = -2*o**2 - 10*o + 5. Let g(a) = -7*h(a) - 3*y(a). Give g(9).
7
Let p(n) = 20*n - 20. Let v(i) = 7*i - 7. Let k(m) = -6*p(m) + 17*v(m). What is k(7)?
-6
Let d(u) = 8*u. Let s be (-3 + 4)/((-1)/(-4)) - 5. Determine d(s).
-8
Let c(l) = -l**2 - 3*l + 25. Let d be c(-6). Let a(k) = k**3 - 8*k**2 + 6*k + 1. Give a(d).
-6
Let u(i) = i**3 - i**2 - i. Let h(a) be the first derivative of -a**4 + 2*a**3/3 + a**2 - a + 7. Let r(y) = -h(y) - 2*u(y). Determine r(-1).
-1
Suppose 0 = -2*r + 4. Let d(y) = 2*y**2 - 17*y - 9. Let b(q) = -q**2 + 8*q + 4. Let a(c) = -9*b(c) - 4*d(c). Calculate a(r).
-4
Let c = -8 - -10. Let z(a) = 2*a**2 + 2*a - 2. Calculate z(c).
10
Let u(n) = 3*n + 1 - 7*n + 4*n + 4*n. Give u(3).
13
Let y(o) = o + 2. Let m(l) = -3*l - 4. Let k be m(-4). Let w be 30*(0 + (-2)/4). Let u be (w/20)/(2/k). What is y(u)?
-1
Let z(s) = 8*s**3 - 2*s**2 + 1. Let d be 18/4 + -4 + 6/(-4). Determine z(d).
-9
Let x(j) = -j - 2. Let z(y) = -2*y - 2. Let w(b) = 3*x(b) - 2*z(b). Determine w(-3).
-5
Let u(k) be the second derivative of -k**4/12 - k**2 - k. Suppose 0 = 5*o - 25, -3*a = -2*o - 3*o + 25. Determine u(a).
-2
Let o(g) be the first derivative of g**2/2 - 5*g - 8. What is o(-6)?
-11
Suppose 3*z + 3*h = -h + 4, -h = -4*z - 1. Let o(r) be the third derivative of r**6/120 - r**5/60 - r**4/24 - r**3/2 - r**2. Calculate o(z).
-3
Suppose 0 = 3*v - 5*v. Let g(k) = 7 + 12*k - k**3 - 12*k + 2*k**3 + k**2. Determine g(v).
7
Let y(i) = -i - 11. Let p(c) = -2*c - 21. Let k(h) = 4*p(h) - 7*y(h). Calculate k(-9).
2
Let f(h) = h + 4. Let x = 33 + -36. What is f(x)?
1
Suppose -3*m - 12 = -o, 8 = -o - 5*m - 20. Let u(g) be the first derivative of -2*g**3/3 - 2*g**2 - 3*g + 2. Calculate u(o).
-9
Let t be 3 + (-3 - (-4)/2). Let a(n) = -n + t*n + 1 - 3*n - n. Calculate a(-1).
4
Let o = -131 + 135. Let a(f) = 4*f**2 - 7*f - 2. Let d(r) = -9*r**2 + 15*r + 3. Let k(u) = 7*a(u) + 3*d(u). Calculate k(o).
-5
Suppose 2*d + 6 = d. Suppose 5*j - 3*q = -q + 20, -2*q = 0. Let n(m) = m + 0*m + 3 + 4*m - j*m. What is n(d)?
-3
Suppose -7*b + 3*b = -4. Let i(d) = -5*d**3 - d. Let w be i(b). Let l(z) = -z. Calculate l(w).
6
Let i(l) = l**3 + 8*l**2 + 9*l + 6. Suppose 4*q + c = -27, 2*c = -0*q - 2*q - 18. Give i(q).
24
Let g(x) = -5*x**3 + 8*x**2 + 2*x + 3. Let u(y) = -4*y**3 + 7*y**2 + y + 3. Let m(a) = 3*g(a) - 4*u(a). Let k = -8 - -11. Calculate m(k).
-6
Suppose 5*o + 48 = 8. Let n be ((-42)/(-28))/(3/o). Let u(a) = a - 1. Calculate u(n).
-5
Let f(r) = -r**3 + 6*r**2 - 4*r - 4. Let s be f(5). Let p(g) = -4*g - 4*g - s + 0 + 9*g. Give p(1).
0
Let t be 6 + -8 - -1*19. Suppose -4*m = y - t, -5*y + 2*m = -2*y - 9. Let g(d) = -d**3 + 5*d**2 + 2*d - 4. Give g(y).
6
Let w(f) be the first derivative of -2*f**3/3 - 7*f**2/2 - 5*f + 2. What is w(-4)?
-9
Let d(c) = -c - 1. Let k(i) = -5. Let b(a) = -6*d(a) + k(a). Calculate b(-1).
-5
Let u(c) = 3*c - 9. Let s(v) = 2*v - 8. Let p(l) = -5*s(l) + 4*u(l). What is p(-3)?
-2
Let r(n) = -4*n**3 - 1. Let m be 1 - ((-2)/5)/(11/(-55)). Calculate r(m).
3
Let y(r) = r**3 - 6*r**2 + 3*r - 7. Let w be y(6). Let z = w - 5. Let h(i) = i**2 - 4*i - 7. Determine h(z).
5
Let s(a) = -a - 4. Suppose c + 3 = -5. Let t = c + 3. Determine s(t).
1
Let q(d) = -d - 1. Let i be 18/(-30)*(7 - 2). Determine q(i).
2
Let i be 10/4*(-18)/(-15). Suppose -2*u + 6*u + 3 = i*a, 5*u - 4*a + 3 = 0. Let n(m) = 4*m - 2*m - m. What is n(u)?
-3
Let r(n) = n**3 - n**2 - 2*n - 1. Let q be r(2). Suppose 0*k - 6 = -2*k. Let p(v) = 5*v + 1. Let l(c) = -4*c - 1. Let o(a) = k*p(a) + 2*l(a). Determine o(q).
-6
Let a(r) = -r**3 - 4*r**2 - 3*r - 1. Let p(s) = -s**2 - 4*s - 3. Let q be p(-2). Let u = q - -1. Let o = 0 - u. Determine a(o).
-3
Let x(u) = u - 6. Let z(r) = -2*r - 10. Let b be z(-7). Suppose 4 = -b*m + 3*d + 19, 0 = d + 1. Calculate x(m).
-3
Let q(n) = 2*n**2 - 3*n + 1. Let r = 2 - -1. Determine q(r).
10
Let p(o) = -4566 + o - 2*o + 4563 + 0*o. Determine p(-4).
1
Suppose -2*s = 4*x - 14, 3*s - s + x = 8. Let i(z) be the third derivative of -z**5/60 + z**4/24 - z**3/3 - 2*z**2. Calculate i(s).
-8
Let m(v) = -v + 1. Let q(b) = 2 + 1 - 2 + b. Let n be q(4). Give m(n).
-4
Let z(u) = u - 4. Let w = -1 + -2. Give z(w).
-7
Let v(n) = -5 - n - 7 - 2 + 9. Give v(0).
-5
Let t(u) be the second derivative of u**3/6 - 3*u**2/2 - 11*u. Determine t(3).
0
Suppose -4*m - x + 14 = 0, -1 = -m + 2*x - 2. Let c(g) = -g**3 + 2*g**2 + g + 4. Determine c(m).
-2
Let g(q) = 4 - 2 - 2*q - 3 - 5*q**2. Let k = -5 - -4. Give g(k).
-4
Let b(r) = -r**2 - 3*r - 4. Let o be b(-3). Let y be (-2)/o - (-3)/(-2). Let q(p) = -9*p**3 + p**2. Give q(y).
10
Let g(a) = 0*a + 3*a + a**3 - 2*a**2 + 8*a**2 - 2*a**2 + 1. What is g(-2)?
3
Let b(c) be the second derivative of c**3/6 + 17*c. Give b(-4).
-4
Suppose 0 = z + 3*c - 25, 3*z = 6*c - 2*c + 23. Let k = 9 - z. Let u(f) = f**3 + 5*f**2 + 5*f - 1. Give u(k).
-5
Let o(x) be the first derivative of 2*x**3/3 + x**2 - x - 1. Suppose 3*t - 48 = -45. What is o(t)?
3
Let l(n) = -n - 7. Let g be l(-9). Let y(o) = -o + 1 + 0*o - o**g + 7*o. Let s be y(5). Let m(d) = d**2 - 7*d + 6. Determine m(s).
0
Let r(c) = 2*c**2 - 7*c + 5. Suppose 6*v - 7*v = -4. Determine r(v).
9
Let h(i) = -i**3 + i**2 + i. Suppose -11*v + 7*v - 4 = 0. Calculate h(v).
1
Let i(c) = -3 + 2*c + 2 + 3 - 3*c**2. Calculate i(2).
-6
Suppose -2 - 3 = -3*x - 2*f, 5*x - 21 = 3*f. Let a(z) be the second derivative of -z**5/20 + z**4/6 + z**3/3 + z**2 - 3*z. Determine a(x).
-1
Let j(k) = 4*k - 1. Let i(n) = n + 6. Let o be i(0). Let p be 0 + 2 - (-6 + o). Suppose -p*s + 1 = 7, 0 = 5*u - 4*s - 22. What is j(u)?
7
Let q(z) be the second derivative of z**5/20 + z**4/12 + z**3/6 + 13*z**2 + 3*z. Give q(0).
26
Suppose 0*g = 2*g. Let f(x) = -x**2 - x - 9. Calculate f(g).
-9
Let n(p) = -p. Suppose 3*o - 2*o = 5. Suppose 4*w = -3*i + 21, 3*w = -2*i + o*i. Calculate n(i).
-3
Let x(h) = -3 + 4 - 4*h - 3. Suppose 3*b + 2 - 6 = 5*i, -i - 12 = 5*b. Determine x(b).
6
Let t(c) = -4*c + 1. Let r(m) = 4*m - 1. Let h(g) = 6*r(g) + 5*t(g). What is h(-2)?
-9
Let c be 1*-1 - 0/3. Let z(m) = 16*m + 7. Let q(t) = -5*t - 2. Suppose -f + 4*h + 4 = 3*f, 0 = 2*f + 5*h - 23. Let k(p) = f*z(p) + 14*q(p). Calculate k(c).
6
Let i = 12/11 - 25/33. Let p(o) be the second derivative of -2*o + 0 + 1/6*o**4 + 3/10*o**5 + 1/2*o**2 + i*o**3. Determine p(-1).
-5
Let m(n) be the second derivative of n**3/3 + n**2 - n - 13. Suppose 2*x + 1 - 5 = 0. Give m(x).
6
Let d = -10 + 10. Let k(z) = z - 7. Give k(d).
-7
Let i(o) be the second derivative of o**3/6 - 3*o**2 - 5*o. Let q be i(5). Let t(x) = 8*x**2 - x. What is t(q)?
9
Let r = 5 + -2. Let n(w) be the first derivative of -w**6/120 + w**5/12 - w**4/8 - w**3/2 - w**2 + 3. Let m(j) be the second derivative of n(j). Calculate m(r).
6
Let d be (-10)/(-4)*20/25. Let j(w) be the first derivative of d*w**2 + 1 - 2*w - 1/3*w**3. Give j(4).
-2
Let k(q) = -q - 6. Suppose 4 = 4*m, 3*g - m - 11 = 3*m. Suppose -2